89
What is the remainder when 8605 is divided by 2140?
45
What is the remainder when 5480 is divided by 2634?
212
What is the remainder when 11295 is divided by 5282?
731
What is the remainder when 2461 is divided by 786?
103
Calculate the remainder when 58520 is divided by 97.
29
Calculate the remainder when 1304616 is divided by 370.
366
What is the remainder when 73549 is divided by 2372?
17
What is the remainder when 88254 is divided by 9805?
9
What is the remainder when 796494 is divided by 35?
34
Calculate the remainder when 2283899 is divided by 46.
45
Calculate the remainder when 2763 is divided by 245.
68
What is the remainder when 47843 is divided by 1040?
3
Calculate the remainder when 2435 is divided by 102.
89
Calculate the remainder when 24642 is divided by 6096.
258
What is the remainder when 142494 is divided by 89?
5
Calculate the remainder when 1909 is divided by 496.
421
Calculate the remainder when 10733 is divided by 59.
54
What is the remainder when 384 is divided by 120?
24
What is the remainder when 6151 is divided by 268?
255
Calculate the remainder when 17552 is divided by 3499.
57
What is the remainder when 29827 is divided by 44?
39
What is the remainder when 9307 is divided by 443?
4
What is the remainder when 2870 is divided by 1426?
18
Calculate the remainder when 59654 is divided by 1359.
1217
What is the remainder when 11577 is divided by 67?
53
Calculate the remainder when 3339 is divided by 34.
7
Calculate the remainder when 9849 is divided by 4891.
67
What is the remainder when 49729 is divided by 93?
67
Calculate the remainder when 8960 is divided by 18.
14
What is the remainder when 1143 is divided by 721?
422
Calculate the remainder when 38302 is divided by 38288.
14
Calculate the remainder when 84843 is divided by 408.
387
Calculate the remainder when 12061 is divided by 180.
1
What is the remainder when 1944 is divided by 284?
240
Calculate the remainder when 26386 is divided by 406.
402
Calculate the remainder when 2161 is divided by 713.
22
Calculate the remainder when 7737 is divided by 89.
83
What is the remainder when 1256273 is divided by 17?
7
Calculate the remainder when 90439 is divided by 35.
34
Calculate the remainder when 6843 is divided by 236.
235
Calculate the remainder when 49683 is divided by 49619.
64
What is the remainder when 8186 is divided by 29?
8
What is the remainder when 28781 is divided by 51?
17
What is the remainder when 74983 is divided by 951?
805
What is the remainder when 440504 is divided by 19?
8
What is the remainder when 41322 is divided by 145?
142
What is the remainder when 3334 is divided by 12?
10
What is the remainder when 3771 is divided by 145?
1
What is the remainder when 9579 is divided by 1200?
1179
What is the remainder when 193696 is divided by 459?
457
Calculate the remainder when 710 is divided by 95.
45
What is the remainder when 222692 is divided by 2024?
52
What is the remainder when 196069 is divided by 65343?
40
Calculate the remainder when 3199429 is divided by 10.
9
What is the remainder when 2063 is divided by 696?
671
Calculate the remainder when 3210 is divided by 2681.
529
What is the remainder when 7876 is divided by 7872?
4
What is the remainder when 601 is divided by 160?
121
What is the remainder when 333 is divided by 150?
33
Calculate the remainder when 15187 is divided by 1133.
458
Calculate the remainder when 210051 is divided by 8752.
3
Calculate the remainder when 128279 is divided by 447.
437
Calculate the remainder when 1729253 is divided by 55.
53
What is the remainder when 352897 is divided by 14?
13
Calculate the remainder when 11777 is divided by 67.
52
What is the remainder when 546 is divided by 273?
0
Calculate the remainder when 37994 is divided by 209.
165
What is the remainder when 105753 is divided by 17?
13
Calculate the remainder when 31818 is divided by 558.
12
Calculate the remainder when 20406 is divided by 51.
6
What is the remainder when 3069 is divided by 576?
189
Calculate the remainder when 275992 is divided by 375.
367
Calculate the remainder when 500 is divided by 472.
28
Calculate the remainder when 4920 is divided by 105.
90
What is the remainder when 21426 is divided by 19?
13
Calculate the remainder when 58492 is divided by 318.
298
Calculate the remainder when 5269 is divided by 877.
7
Calculate the remainder when 65166 is divided by 170.
56
What is the remainder when 14053 is divided by 3510?
13
What is the remainder when 2224 is divided by 199?
35
Calculate the remainder when 75595 is divided by 71.
51
What is the remainder when 5225 is divided by 128?
105
What is the remainder when 228041 is divided by 613?
5
Calculate the remainder when 4823 is divided by 991.
859
Calculate the remainder when 35129 is divided by 35097.
32
What is the remainder when 6135 is divided by 77?
52
Calculate the remainder when 8672 is divided by 663.
53
Calculate the remainder when 4488 is divided by 29.
22
What is the remainder when 17917 is divided by 4478?
5
Calculate the remainder when 4011 is divided by 868.
539
What is the remainder when 6869 is divided by 1539?
713
What is the remainder when 48192 is divided by 567?
564
Calculate the remainder when 510012 is divided by 929.
920
Calculate the remainder when 91676 is divided by 30547.
35
Calculate the remainder when 66967 is divided by 24.
7
What is the remainder when 14716 is divided by 14665?
51
What is the remainder when 1812 is divided by 248?
76
What is the remainder when 7875 is divided by 20?
15
What is the remainder when 1096 is divided by 1083?
13
Calculate the remainder when 6017 is divided by 10.
7
Calculate the remainder when 56166 is divided by 56150.
16
Calculate the remainder when 58831 is divided by 51.
28
Calculate the remainder when 16394 is divided by 4086.
50
Calculate the remainder when 7702 is divided by 151.
1
Calculate the remainder when 4488 is divided by 183.
96
Calculate the remainder when 69286 is divided by 4947.
28
Calculate the remainder when 111452 is divided by 261.
5
What is the remainder when 7889 is divided by 787?
19
What is the remainder when 95694 is divided by 602?
578
Calculate the remainder when 6783 is divided by 285.
228
Calculate the remainder when 6843 is divided by 363.
309
What is the remainder when 260354 is divided by 806?
16
What is the remainder when 1898 is divided by 178?
118
What is the remainder when 47626 is divided by 64?
10
Calculate the remainder when 3818871 is divided by 23.
20
What is the remainder when 1067 is divided by 525?
17
What is the remainder when 375728 is divided by 108?
104
What is the remainder when 192462 is divided by 585?
582
Calculate the remainder when 56566 is divided by 177.
103
Calculate the remainder when 24420 is divided by 12113.
194
What is the remainder when 48280 is divided by 24123?
34
What is the remainder when 36041 is divided by 36031?
10
What is the remainder when 41933 is divided by 278?
233
What is the remainder when 28854 is divided by 9606?
36
Calculate the remainder when 140 is divided by 133.
7
What is the remainder when 732271 is divided by 8?
7
Calculate the remainder when 24995 is divided by 2433.
665
Calculate the remainder when 23081 is divided by 2093.
58
What is the remainder when 27449 is divided by 337?
152
What is the remainder when 1607444 is divided by 315?
314
What is the remainder when 800384 is divided by 1150?
1134
What is the remainder when 2699325 is divided by 3057?
3051
What is the remainder when 12388 is divided by 671?
310
Calculate the remainder when 15042 is divided by 7519.
4
What is the remainder when 44133 is divided by 405?
393
Calculate the remainder when 7835 is divided by 133.
121
What is the remainder when 3432 is divided by 772?
344
What is the remainder when 3676 is divided by 460?
456
What is the remainder when 190112 is divided by 267?
8
Calculate the remainder when 198819 is divided by 525.
369
What is the remainder when 9404 is divided by 97?
92
What is the remainder when 54294 is divided by 745?
654
What is the remainder when 5951 is divided by 2?
1
Calculate the remainder when 7243 is divided by 7233.
10
Calculate the remainder when 249599 is divided by 100.
99
What is the remainder when 6942 is divided by 151?
147
What is th